{"id":3436,"date":"2026-02-24T11:49:08","date_gmt":"2026-02-24T10:49:08","guid":{"rendered":"https:\/\/lmklouny.cz\/?page_id=3436"},"modified":"2026-02-27T07:36:12","modified_gmt":"2026-02-27T06:36:12","slug":"do-mobilu","status":"publish","type":"page","link":"https:\/\/jzm.lmklouny.cz\/index.php\/do-mobilu\/","title":{"rendered":"Do mobilu"},"content":{"rendered":"\n<p>Zde si m\u016f\u017eete p\u0159idat kalend\u00e1\u0159 akc\u00ed do sv\u00e9ho google \u00fa\u010dtu.<\/p>\n\n\n\n<p><a href=\"https:\/\/calendar.google.com\/calendar\/u\/0?cid=bG1rbG91bnlAZ21haWwuY29t\">https:\/\/calendar.google.com\/calendar\/u\/0?cid=bG1rbG91bnlAZ21haWwuY29t<\/a><\/p>\n\n\n\n<p>Kalend\u00e1\u0159 se automaticky synchronizuje, pokud v n\u011bm ud\u011bl\u00e1me n\u011bjak\u00e9 zm\u011bny nebo pokud budou p\u0159id\u00e1ny akce.<\/p>\n\n\n\n<p><\/p>\n","protected":false},"excerpt":{"rendered":"<div class=\"mh-excerpt\"><p>Zde si m\u016f\u017eete p\u0159idat kalend\u00e1\u0159 akc\u00ed do sv\u00e9ho google \u00fa\u010dtu. https:\/\/calendar.google.com\/calendar\/u\/0?cid=bG1rbG91bnlAZ21haWwuY29t Kalend\u00e1\u0159 se automaticky synchronizuje, pokud v n\u011bm ud\u011bl\u00e1me n\u011bjak\u00e9 zm\u011bny nebo pokud budou p\u0159id\u00e1ny akce.<\/p>\n<\/div>","protected":false},"author":1,"featured_media":0,"parent":0,"menu_order":0,"comment_status":"closed","ping_status":"closed","template":"","meta":{"ngg_post_thumbnail":0,"footnotes":""},"class_list":["post-3436","page","type-page","status-publish","hentry"],"_links":{"self":[{"href":"https:\/\/jzm.lmklouny.cz\/index.php\/wp-json\/wp\/v2\/pages\/3436","targetHints":{"allow":["GET"]}}],"collection":[{"href":"https:\/\/jzm.lmklouny.cz\/index.php\/wp-json\/wp\/v2\/pages"}],"about":[{"href":"https:\/\/jzm.lmklouny.cz\/index.php\/wp-json\/wp\/v2\/types\/page"}],"author":[{"embeddable":true,"href":"https:\/\/jzm.lmklouny.cz\/index.php\/wp-json\/wp\/v2\/users\/1"}],"replies":[{"embeddable":true,"href":"https:\/\/jzm.lmklouny.cz\/index.php\/wp-json\/wp\/v2\/comments?post=3436"}],"version-history":[{"count":6,"href":"https:\/\/jzm.lmklouny.cz\/index.php\/wp-json\/wp\/v2\/pages\/3436\/revisions"}],"predecessor-version":[{"id":3451,"href":"https:\/\/jzm.lmklouny.cz\/index.php\/wp-json\/wp\/v2\/pages\/3436\/revisions\/3451"}],"wp:attachment":[{"href":"https:\/\/jzm.lmklouny.cz\/index.php\/wp-json\/wp\/v2\/media?parent=3436"}],"curies":[{"name":"wp","href":"https:\/\/api.w.org\/{rel}","templated":true}]}}