{"id":1630,"date":"2019-10-15T07:08:37","date_gmt":"2019-10-15T06:08:37","guid":{"rendered":"http:\/\/192.168.1.151\/index.php\/zaverecna-lipenecka-10-2019\/"},"modified":"2019-10-15T07:08:37","modified_gmt":"2019-10-15T06:08:37","slug":"zaverecna-lipenecka-10-2019","status":"publish","type":"page","link":"https:\/\/jzm.lmklouny.cz\/index.php\/zaverecna-lipenecka-10-2019\/","title":{"rendered":"Z\u00e1v\u011bre\u010dn\u00e1 Lipeneck\u00e1 10-2019"},"content":{"rendered":"ngg_shortcode_0_placeholder\n","protected":false},"excerpt":{"rendered":"<div class=\"mh-excerpt\"><\/div>","protected":false},"author":1,"featured_media":0,"parent":0,"menu_order":0,"comment_status":"closed","ping_status":"closed","template":"","meta":{"ngg_post_thumbnail":0,"footnotes":""},"class_list":["post-1630","page","type-page","status-publish","hentry"],"_links":{"self":[{"href":"https:\/\/jzm.lmklouny.cz\/index.php\/wp-json\/wp\/v2\/pages\/1630","targetHints":{"allow":["GET"]}}],"collection":[{"href":"https:\/\/jzm.lmklouny.cz\/index.php\/wp-json\/wp\/v2\/pages"}],"about":[{"href":"https:\/\/jzm.lmklouny.cz\/index.php\/wp-json\/wp\/v2\/types\/page"}],"author":[{"embeddable":true,"href":"https:\/\/jzm.lmklouny.cz\/index.php\/wp-json\/wp\/v2\/users\/1"}],"replies":[{"embeddable":true,"href":"https:\/\/jzm.lmklouny.cz\/index.php\/wp-json\/wp\/v2\/comments?post=1630"}],"version-history":[{"count":0,"href":"https:\/\/jzm.lmklouny.cz\/index.php\/wp-json\/wp\/v2\/pages\/1630\/revisions"}],"wp:attachment":[{"href":"https:\/\/jzm.lmklouny.cz\/index.php\/wp-json\/wp\/v2\/media?parent=1630"}],"curies":[{"name":"wp","href":"https:\/\/api.w.org\/{rel}","templated":true}]}}